s divided by t.
11
Let a = 878 - 859. Calculate the remainder when 113 is divided by a.
18
Suppose -4*x = -3*f + 81, -2*x - 4 = 8. What is the remainder when 1819 is divided by f?
14
Let r(l) = -7*l - 68. Let f be r(-10). Suppose -f*m = -80 - 0. Calculate the remainder when m is divided by 16.
8
Let o(j) = 5*j**2 - j. Let k(r) = -6*r**2 - 3*r + 2080. What is the remainder when k(18) is divided by o(2)?
10
Suppose -3*c + 6*c - 124 = 2. What is the remainder when 1133 is divided by c?
41
Suppose -249*j = -3*j - 43788. Calculate the remainder when 899 is divided by j.
9
Suppose -5*v + 329 = 3*u - 13, 2*u + 3*v - 226 = 0. What is the remainder when 512 is divided by u?
96
Let t = -625 - -688. Let m(o) = o**3 + 42*o**2 - 109*o - 46. What is the remainder when m(-44) is divided by t?
59
Suppose 473 = 12*f - 127. Suppose 0 = -f*p + 2780 - 1030. What is the remainder when 103 is divided by p?
33
Suppose 0*f = 4*f - 432. Let p = f - -34. What is the remainder when p is divided by (-96)/(-10) - (-12)/(-300)*15?
7
Suppose -2*i - 24 = -10*i. Suppose -t = 0, 66 = 3*v - 0*v + i*t. Calculate the remainder when 41 is divided by v.
19
Let d = 1122 + -981. Calculate the remainder when 2678 is divided by d.
140
Let d be (60/8)/((-2)/120*-3). Suppose -44*b + d = -38*b. What is the remainder when 61 is divided by b?
11
Let c = -44 - -51. Calculate the remainder when 5/(150/(-18))*60/(-2) is divided by c.
4
Calculate the remainder when 9097 is divided by ((-703)/(-37) - 54)*(8/(-1))/2.
137
Let k = -391 + 401. Suppose 58 = 8*b + k. Calculate the remainder when 63 is divided by b.
3
Let o(q) = 95*q**3 - 8*q**2 + 7*q. Let l be o(1). Suppose 105 = 101*c - l*c. What is the remainder when 70 is divided by c?
10
Let o be 4/(-18) - (5 - 909/81). Suppose -o*u = 2*u - 32. Calculate the remainder when 47 is divided by u.
3
Suppose -5*l - 5*f = -8*f - 417, -18 = 2*f. What is the remainder when 1791 is divided by l?
75
Suppose 4*w - 7 = -2*o + 139, -2*o - w + 155 = 0. Suppose 3*l - 1408 = 4*z, 5*l - 4*z = -6*z + 2364. Calculate the remainder when l is divided by o.
77
Let m = 15 - 10. Let k = -10681 + 10733. Calculate the remainder when k is divided by m.
2
Let i(c) = 21*c + 27. Let j be i(-4). Let r be 5 - (j - (0 + -4)). Suppose -2*d - r = -3*d. What is the remainder when d is divided by 30?
28
Let y(w) = 5*w**2 - 15*w + 190. Let l be y(10). Suppose 0 = 70*t - 75*t + l. Calculate the remainder when t is divided by 23.
16
Suppose 5*c - 1286 = 484. Suppose -116 + c = 7*s. Suppose -2*j + 827 = 5*n, 0*j + 489 = 3*n + 3*j. Calculate the remainder when n is divided by s.
31
Suppose -5*i = -i - 272. Let v(r) = r**3 + 81*r**2 - 86*r - 128. What is the remainder when v(-82) is divided by i?
64
Let d = -5 - -10. Suppose d*o - 25 = 3*b, 13 - 3 = 3*b + 2*o. Suppose b = -9*h + 6*h + 90. Calculate the remainder when h is divided by 8.
6
Let x(b) = -6*b + 88. Let s be x(9). Suppose 0 = 5*h + 3*u - 34, u = 2*h + 2*h - s. What is the remainder when 334 is divided by h?
6
Let h be -459 + 6/(-33) + 171/33. Let a = -433 - h. What is the remainder when 225 is divided by a?
15
Let v be 7/14*2 + 3/1. Let n(g) = 4 + 16*g - 23*g + 15*g + g**3 - 7*g**2 + 2*g**3. Calculate the remainder when n(v) is divided by 24.
20
Suppose -26 = v + 6. Let y = 3705 - 3657. Let k = v + y. Calculate the remainder when 78 is divided by k.
14
Let j be (((-12)/(-1))/4 - 4)*-9. Suppose j*t + 53 - 17 = 0. Let m = 8 - t. What is the remainder when 203 is divided by m?
11
Suppose n - 18 + 17 = 0, 2*d - 2*n + 12 = 0. What is the remainder when 332 is divided by (1 + (-9)/(-6))*(-18)/d?
8
Let h(x) = 2*x**3 - 65*x**2 + 87*x - 113. Calculate the remainder when h(32) is divided by 16.
15
Let g be 12 + (-280)/21 - 41/3. What is the remainder when 111 is divided by 3/(-2)*(-5 + 335/g)?
29
Suppose 0 = -2903*n + 2909*n - 1926. What is the remainder when n is divided by 9?
6
What is the remainder when 1164 is divided by (2 + ((-504)/132)/2)*11?
0
Let g(z) be the first derivative of 3*z**2 - 91*z - 286. What is the remainder when 29 is divided by g(16)?
4
Suppose -3*d + 494 = 2*o - 107, 5*d + 5*o - 1010 = 0. What is the remainder when d is divided by 72 + 2/(2/(-5))?
63
Let j(k) = k**2 - 69*k + 331. Let s be j(5). Let f(v) be the first derivative of 3*v**2/2 - 20*v - 2. Calculate the remainder when 23 is divided by f(s).
10
Let h(b) = 34*b - 113. Let o be 256/(-48)*6/(-8). Calculate the remainder when 114 is divided by h(o).
22
Suppose 8*v - 11 - 13 = 0. Suppose r + 2*r = v*c - 63, c - 29 = -3*r. What is the remainder when c is divided by 5?
3
Suppose 5*w = -4*q + 489 - 408, 0 = -2*q - 2. What is the remainder when 5762 is divided by w?
16
Let o = -48 + 50. Suppose -448 + 36 = -2*l - 5*a, -o*l + 412 = -5*a. What is the remainder when l is divided by 52?
50
Let m(v) = v**2 + 8*v + 3. Let o = -75 - -49. Let r be (-186)/o + 2/26*-2. Calculate the remainder when m(r) is divided by 28.
24
Let m(q) = 163*q**2 - q. Let a be m(1). Suppose 0 = -251*w + 255*w - 8. Suppose -w*z - a = -5*z. Calculate the remainder when z is divided by 28.
26
Let t = 1455 - 577. Calculate the remainder when t is divided by 438.
2
Suppose 67395 + 144711 = 159*n. Calculate the remainder when n is divided by 101.
21
Let t(i) = 60*i + 5699. Calculate the remainder when t(-24) is divided by 26.
21
Let c(l) = 22*l + 256. Calculate the remainder when 245 is divided by c(-9).
13
Suppose -5*y - 120 - 30 = -2*b, y = b - 33. Let j = y + 47. Let o = 918 + -863. What is the remainder when o is divided by j?
17
Suppose -u = -5*w + u, -30 = -5*w - 4*u. Suppose m = -w*m + 279. Calculate the remainder when m is divided by (2263/155 - 5)/((-9)/(-75)*5).
13
Let t(z) = z**2 + 9*z + 6. Let x be t(-9). Suppose -146 = -5*w - x. Let o = w + -18. What is the remainder when 27 is divided by o?
7
Suppose 5*j - 73 = -13. Suppose 163 + 446 = 3*w. Let t = 247 - w. Calculate the remainder when t is divided by j.
8
Let k = 1551 - 1419. Let t(f) = 30*f - 5. Let n(j) = 15*j - 3. Let g(q) = -5*n(q) + 3*t(q). What is the remainder when k is divided by g(1)?
12
Suppose p = 6 - 3. Suppose -2*c + p*c = -3*t + 16, 5*t - 22 = 3*c. Let o(d) = d**3 - 4*d**2 + 12*d + 4. What is the remainder when o(t) is divided by 10?
9
Let p be 3 - (6 + -5 + (-14)/(-2)). Suppose 2*i - 29 = 5*u, 0 = 2*i - 0*u - u - 25. Calculate the remainder when 1 - (-27 - 30/p) is divided by i.
10
Suppose 33*d = -5*s + 34*d + 124, 100 = 5*s + 5*d. Suppose x - 224 = -3*k, -2*x + s*k = 22*k - 488. Calculate the remainder when x is divided by 48.
47
Suppose -n - 2*v = -4*v + 214, 5*n + 4*v + 1028 = 0. Let x = n + 471. What is the remainder when x is divided by 19?
16
Let z = 20 - -156. Calculate the remainder when z is divided by 20/48 + 15/45 - (-1407)/28.
23
Suppose 163*n - 170*n = 14. Calculate the remainder when (-3535)/140*(n - 2) is divided by 47.
7
Let p(h) = -3*h**2 + 55*h - 46. Calculate the remainder when 2567 is divided by p(16).
59
Let l = -253292 + 253319. Calculate the remainder when (10/1)/((-2)/(-36)) is divided by l.
18
Let p = 268 - 213. Suppose -10*o + p = o. Let y = 19 - 5. Calculate the remainder when y is divided by o.
4
Suppose 19*y - 85922 = 52538 + 41603. What is the remainder when y is divided by 79?
76
Let s(r) = 14*r**2 - 79*r - 7. Suppose 9*z + 225 = 14*z. What is the remainder when s(7) is divided by z?
36
Let x = 23 + -19. Suppose -x*z - 72 = -16. Calculate the remainder when 43 is divided by (-10 - z)*22/8.
10
Let l(t) = 366*t - 22. Let u be l(1). Let i = u + -318. Calculate the remainder when 75 is divided by i.
23
Suppose -78*t = -77*t - 28. Suppose 0 = 2*d + 5*s - 12, d - 3*d - s = -t. What is the remainder when 50 is divided by d?
2
Let s = 8408 - 8402. Calculate the remainder when 518 is divided by s.
2
Let l(x) = 23*x**2 + 1587*x + 22. What is the remainder when 62 is divided by l(-69)?
18
Calculate the remainder when 140 is divided by (-5)/(-10) + 824/16.
36
Let p(q) = -3*q**3 - 106*q**2 + 45*q + 51. Calculate the remainder when p(-36) is divided by 19.
16
Let k = 173 + -108. Suppose -3*c = u - 2*u - 1551, c - 503 = 5*u. Calculate the remainder when c is divided by k.
63
Suppose 8*x - 9 = 23. Suppose 0 = x*k - 17*k + 169. What is the remainder when 41 is divided by k?
2
Suppose 55 = -5*f - 5*r, -35